9
Suppose 0 = -4*p + 5*u - 22, 5*u + 5 = -2*p - 3*p. Let r(y) be the second derivative of -y**5/20 - y**4/3 - 2*y**3/3 - y**2/2 + 6*y - 3. Give r(p).
2
Let t(d) be the second derivative of d**3 + d**2/2 + 3*d. Suppose 0 = -8*f + 7*f - 4. Calculate t(f).
-23
Let r(y) = 730*y + 0 - 727*y - 25. Calculate r(9).
2
Let n be (-216)/(-22) - 12/(-66). Let y(r) = r**2 - 5*r + 19*r - 2 - n*r. What is y(-4)?
-2
Let d(x) = x**3 - 6*x**2 + 4*x + 1. Let l = 33 + -3. Let g be 4 - 26/8 - 85/(-20). Suppose -2*h + o = -5, g*h + o - l = -0*o. What is d(h)?
-4
Let s = 0 + -6. Let p(g) = -1 - 53*g**2 + 54*g**2 + 7*g + 0 + 6. Determine p(s).
-1
Let k(m) = 12*m + 5. Let d(x) = 37*x + 14. Let p(f) = 4*d(f) - 11*k(f). Suppose -3*h + 3*i + 27 - 33 = 0, 4*i = 5*h + 9. What is p(h)?
-15
Let i(z) be the first derivative of z**3/3 - 4*z**2 - 11*z + 2. Let j = -491 + 500. Calculate i(j).
-2
Let n = 1 + 2. Let y(c) be the third derivative of c**4/8 - c**3/3 - 5596*c**2. Calculate y(n).
7
Let s(j) = 26*j + 46. Let y(l) = -6*l - 11. Let c(h) = 2*s(h) + 9*y(h). Give c(8).
-23
Let r = 367 + -367. Let p(h) = h**3 + h + 30. Determine p(r).
30
Let k(m) be the first derivative of m**3/3 + 7*m**2 + 10*m + 264. Determine k(-13).
-3
Let o(d) = -7*d - 2. Let x(z) = 6*z + 1. Let h(a) = 5*o(a) + 6*x(a). Suppose -19 = -2*v - 7. Let u be v/(-4)*(-6)/3. Give h(u).
-1
Let s(u) = u**3 - 5*u**2 - 5*u + 5. Let o(w) = -w**2 - 1. Let k(q) = 3*o(q) + s(q). Determine k(9).
38
Let q be (-8)/((-2 - -4)*-1). Let k(x) be the second derivative of 0 + 3*x**2 - 3*x - 1/2*x**3. Give k(q).
-6
Let g(w) = w + w - w - 2. Let p be 2 - (-1)/(4 + 87/(-21)). Calculate g(p).
-7
Let w(t) be the first derivative of -t**6/24 + t**4/24 + 11*t**3/3 + 10. Let l(z) be the third derivative of w(z). Calculate l(-1).
-14
Suppose -5*o - 206 = -3*c - 3*o, 2*c = -o + 142. Let q = -63 + c. Let w(s) = -s**3 + 8*s**2 - 7*s - 1. Determine w(q).
-1
Let s(a) = -4*a - 16. Let g be s(-6). Let x = -14 + g. Let r(q) = q - 8. Determine r(x).
-14
Let a(t) = t**2 + 16*t + 22. Let m(k) = k**2 + 15*k + 22. Let o(h) = -4*a(h) + 5*m(h). What is o(-9)?
4
Let i(u) = u**2 - 34*u - 2. Let r(c) = 6*c + 1. Let h(m) = i(m) + 5*r(m). What is h(2)?
-1
Let j(w) = -2*w**2 + 6*w**2 - 147 + 2*w + 150 - 3*w. What is j(3)?
36
Let k(c) = -2*c - 162. Let v be k(-79). Let t(y) = -12*y - 51. Calculate t(v).
-3
Let q(z) = z + 1. Suppose 15*c - 8*c = 49. Calculate q(c).
8
Suppose 2*u = 3*v - 3, 2*v = -5*u + v + 18. Let i = 6 - u. Let x(s) = -5*s**3 + 4*s**3 + 4 + 2*s - 3*s**2 + i*s. Determine x(-4).
0
Let x be 8/3*(-3)/(-2). Let z(v) = 2*v - v + x - 2*v. Suppose 0 = -0*y - 2*y. Determine z(y).
4
Let q(x) = 6*x**2 + 4*x - 4. Let d(s) = -5*s**2 - 5*s + 5. Let j(r) = 4*d(r) + 5*q(r). Give j(-1).
10
Let d = 5 - -2. Let s = 2 - d. Let f(g) = 366 + 374 + g - 747. Give f(s).
-12
Let v(a) = 8*a**2 - 1. Let n = 25 + -18. Suppose 0 = -n*r + 1 - 8. Determine v(r).
7
Let q(b) be the first derivative of -b**4/4 - 7*b**3/3 - 4*b + 2. Suppose 3*g = -2*g + 135. Let m = -34 + g. What is q(m)?
-4
Let u(p) = -2*p**2 - p - 2. Let r(b) be the first derivative of b - 3. Let c(d) = -2*d + 10. Let a(y) = -c(y) + 4*r(y). Let x be a(2). Give u(x).
-8
Let v(x) = 2*x + 6. Suppose -2*h = 7*h - 27. Let s be (1 + 0)*(0 + 2). Suppose -2*i - s*i = h*u - 2, 3*u = 5*i - 43. What is v(u)?
-6
Let m(b) = -b + 3. Let l(o) = o**3 - 5*o**2 + 7*o - 15. Let i(n) = l(n) + 6*m(n). Let k(p) = p + 9. Let s be k(-4). Calculate i(s).
8
Let d(o) = o**3 - 2*o**2 - 5*o + 2. Suppose 6 = -3*p - 0*p. Let n be 2/p - 1*-6. Suppose -6 = 3*k - n*k. What is d(k)?
-4
Let w be (4 - 1) + 0*(-9)/(-45). Let u(c) = -c - 1. Determine u(w).
-4
Suppose 12*i + 56 = 20*i. Let q(b) be the third derivative of b**6/120 - 2*b**5/15 + b**4/4 - b**3 + b**2. Give q(i).
-13
Suppose 5*a - a + 12 = 0. Let n be a/((42/4)/(-7)). Suppose 0 = -4*w - m - m - 10, m = 5*w + n. Let s(z) = -2*z - 1. What is s(w)?
1
Let j(n) be the third derivative of -n**6/120 + n**5/15 - n**4/6 - 12*n**2 - 3*n. Determine j(3).
-3
Let m(d) be the second derivative of d**4/12 - 5*d**2/2 + d. Suppose -4*j - 3 = -k, -5*j + 0*j = 4*k - 12. Calculate m(j).
-5
Let b(m) = -m**3 + 7*m - 6. Suppose o = -2*x + 16 - 7, o - 3 = 0. What is b(x)?
-12
Let x(j) = 6*j + 0*j**3 + 2*j**2 + j**3 + 5*j**2. Suppose -5*k + 16 = -k, 2*z + 3*k = 42. Suppose 0 = -r - 2*y, z = y + 4*y. Give x(r).
0
Let p(a) = -2*a + 1. Let m(t) = 3*t**2 - 53*t + 41. Let k be m(17). Give p(k).
-13
Let a(i) = i**2 + 3*i - 5. Let q be (-38)/(-10) + (-4)/(-20). Let k be q/6*15/(-2). Give a(k).
5
Let q(b) be the third derivative of -b**6/120 + 7*b**5/60 - b**4/6 - 7*b**3/6 + 22*b**2. Calculate q(6).
5
Let i(a) be the second derivative of -2*a**3/3 - a**2/2 + a. Suppose 5*f + 2*w - 1 = 0, -4*w = -52*f + 55*f + 5. What is i(f)?
-5
Let d(j) = -3*j + 52. Suppose -7*g = 1648 - 1809. Give d(g).
-17
Let v(j) = j**2 + 4*j. Suppose 0 = 5*c + f - 21, -8*f = -5*c - 3*f + 15. Suppose -4*x + t = 6, -3*t = -5*x - 0*t - c. What is v(x)?
-4
Let g(q) = q - 2*q**2 + 3*q + 5 + 0*q**2 + 6*q**2. Let x(a) = 8*a**2 + 8*a + 11. Let s(u) = -5*g(u) + 2*x(u). Let r be (-1)/2 - 12/8. Give s(r).
-11
Let d(s) = 2*s**3 - 2*s**2 + 26*s - 55. Let j be d(2). Let n(k) = -k + 9. Determine n(j).
4
Let a = 42 - 44. Let z(g) = g**2 + 6*g + 3. Let u be z(-6). Let x(y) = 0*y - u*y + y - 4*y. Give x(a).
12
Let i(h) = h**3 - 5*h**2 - 3*h + 2. Let t = -691 - -696. Determine i(t).
-13
Let m(o) = -2*o**3 + o**2 + 5*o - 2. Let v(b) = -b + 1. Let p(x) = -m(x) - 3*v(x). Suppose 19 = -3*z - 5*h, -z + 4*h + 10 = -12. Calculate p(z).
7
Let k(l) = l**2 - 5*l - 3. Suppose 12*p - 50 - 22 = 0. What is k(p)?
3
Let z(w) = -w**3 + 2*w**2 + 2*w + 1. Suppose 12 = -51*r + 55*r. Determine z(r).
-2
Let s(g) = g + 1. Let l(a) = -2*a - 3. Let i(f) = -l(f) - 6*s(f). Give i(-4).
13
Let u be (-1 - (-6)/3)*2. Let s be u/((-4 + 5)/((-2)/(-4))). Let o(h) = -5*h**2. Determine o(s).
-5
Let o(s) = s**3 + 6*s**2 + 3*s + 5. Let j be (1566/1305)/((9/10)/(-3)). Give o(j).
25
Let m(o) be the third derivative of -o**5/15 + o**4/24 + o**3/6 - 2*o**2. Suppose 0*a - 9*a = 0. Suppose 4*v + 5 = 3*y - 0, a = -2*y - 5*v - 12. Calculate m(y).
-4
Let o(k) be the first derivative of k**3/3 - k**2 - 4*k - 207. Determine o(5).
11
Let v(n) = n. Let o(a) = 5*a. Let z(j) = o(j) - 4*v(j). Let u be z(-1). Let k(x) = 6*x + 5. Let s(l) = -l + 1. Let c(i) = k(i) - 4*s(i). Calculate c(u).
-9
Let c(p) = -5*p**2 + 12*p**3 - 4*p - 13*p**3 + 3*p + 1. Suppose 5*v - 2 = 4*v. Suppose -v*h = -5*t - 24, 2*t - 2*h - 3*h = -18. Give c(t).
-11
Let i(g) = g - 1. Suppose 5*h - d = 56, 3*h + 5*d = -2*h + 80. Suppose 5*b - 7 = -h. Determine i(b).
-2
Let a(r) = -r**3 + 10*r**2 - 7*r + 6. Suppose 30*x - 234 = 4*x. Determine a(x).
24
Suppose 9 = -3*a - 12. Let u(i) = i**3 + 8*i**2 + 3*i - 24. Determine u(a).
4
Let i(s) = -s - 12. Suppose -45 = 5*h - 20. Calculate i(h).
-7
Let n(m) = -m**3 + m - 2. Let r = 26 + -28. What is n(r)?
4
Let m(b) = b**2 - 2. Suppose y + 3*u = -15, 5*y - u - 2*u + 3 = 0. Let q be -3 - y/(3/5). Suppose -q*i + 1 = 9. Give m(i).
14
Let l(y) = 2*y**2 + y. Let r(f) = -5*f**3 - 3 + f**3 - f + 5 + 3*f**3 + 3*f**2. Suppose u - 15 = -4*u. Let s be r(u). Calculate l(s).
1
Let s = -239 - -243. Let q(b) be the third derivative of 0 + 4*b**2 + 0*b + 7/24*b**s + 1/6*b**3. Calculate q(1).
8
Let k(j) = -j - 3. Let x(r) = -r**2 - 9*r + 25. Let u(b) = 2*k(b) + x(b). What is u(-13)?
-7
Let j(v) = 17*v**3 + 17*v**2 + 7*v - 6. Let q(r) = -5*r**3 - 6*r**2 - 2*r + 2. Let k(y) = 2*j(y) + 7*q(y). What is k(-8)?
2
Let r(n) = -4*n + 13. Let p(w) = -5*w + 14. Let g(v) = 5*p(v) - 6*r(v). Suppose 10 = -5*x - 20. Give g(x).
-2
Let m(i) = 18*i + 3. Let p be m(1). Suppose -p + 0 = -7*q. Let w(t) = -t**2 + t + 1. Calculate w(q).
-5
Let y(r) = -2*r - 6. Let v(p) = 2*p**3 + 6*p**2 - 8*p - 5. Let z be v(-4). Give y(z).
4
Let k(m) be the second derivative of -m**4/12 + m**3/3 - 3*m**2 + 3*m. Let i(v) = v**2 + 6*v - 11. Let s be i(-8). What is k(s)?
-21
Let z(i) be the second derivative of i**3/3 + 2*i**2 + 135*i. Determine z(-5).
-6
Suppose 0 = 5*g - m - 47, 2*g - 3*m = -2*g + 31. Suppose 13*p - g*p = 3. Let y(r) = -8*r**3 - r**2 + r. Determine y(p).
-8
Let y(t) be the second derivative of t**5/20 - 7*t**4/12 + t**3/2 - 8*t**2 + 30*t. Let j be y